ions digit of 150424212?
5
What is the hundreds digit of 50359950?
9
What is the ten thousands digit of 2126921599?
2
What is the tens digit of 473275786?
8
What is the millions digit of 86214791?
6
What is the tens digit of 61600484?
8
What is the hundreds digit of 1915869306?
3
What is the thousands digit of 305790731?
0
What is the units digit of 39725695?
5
What is the hundred thousands digit of 6948647682?
6
What is the hundred millions digit of 2686795193?
6
What is the millions digit of 35943835?
5
What is the thousands digit of 120128649?
8
What is the billions digit of 1067394934?
1
What is the ten thousands digit of 859475819?
7
What is the tens digit of 531324854?
5
What is the hundreds digit of 262244617?
6
What is the ten thousands digit of 45297361?
9
What is the ten thousands digit of 160776237?
7
What is the tens digit of 587496286?
8
What is the hundreds digit of 16352904?
9
What is the hundred thousands digit of 33863796?
8
What is the units digit of 4158897?
7
What is the hundred millions digit of 892080773?
8
What is the thousands digit of 564165266?
5
What is the millions digit of 68046679?
8
What is the millions digit of 7779584071?
9
What is the ten thousands digit of 36452171?
5
What is the hundred millions digit of 1200388463?
2
What is the billions digit of 4448346070?
4
What is the hundred millions digit of 5074251227?
0
What is the ten thousands digit of 61666790?
6
What is the tens digit of 440684174?
7
What is the units digit of 69564033?
3
What is the units digit of 25745646?
6
What is the tens digit of 7720120736?
3
What is the hundreds digit of 11615126?
1
What is the thousands digit of 13212690?
2
What is the hundred millions digit of 2033908513?
0
What is the ten millions digit of 551623194?
5
What is the hundreds digit of 118965743?
7
What is the hundreds digit of 54307196?
1
What is the ten thousands digit of 43802676?
0
What is the hundreds digit of 78786168?
1
What is the billions digit of 4394447095?
4
What is the hundreds digit of 35101354?
3
What is the thousands digit of 882365778?
5
What is the billions digit of 1216133421?
1
What is the units digit of 84150089?
9
What is the thousands digit of 71733228?
3
What is the hundred thousands digit of 183564625?
5
What is the hundred millions digit of 525556890?
5
What is the ten millions digit of 329580702?
2
What is the ten millions digit of 96604807?
9
What is the units digit of 3294798641?
1
What is the billions digit of 6226255104?
6
What is the units digit of 1095173841?
1
What is the ten millions digit of 40483255?
4
What is the ten thousands digit of 32419207?
1
What is the ten millions digit of 769444826?
6
What is the hundred thousands digit of 213929784?
9
What is the ten thousands digit of 15786551?
8
What is the millions digit of 552379953?
2
What is the units digit of 488892113?
3
What is the ten thousands digit of 141932894?
3
What is the ten thousands digit of 13496209?
9
What is the hundred thousands digit of 811499799?
4
What is the ten thousands digit of 883707830?
0
What is the hundreds digit of 5590131858?
8
What is the billions digit of 1197839087?
1
What is the tens digit of 77623017?
1
What is the billions digit of 2076640649?
2
What is the millions digit of 54109763?
4
What is the tens digit of 26492324?
2
What is the ten millions digit of 68153119?
6
What is the hundred millions digit of 927086051?
9
What is the ten thousands digit of 37112522?
1
What is the ten millions digit of 16588412?
1
What is the tens digit of 2946709220?
2
What is the billions digit of 1116714374?
1
What is the tens digit of 8420882546?
4
What is the hundred thousands digit of 22478964?
4
What is the hundreds digit of 22253520?
5
What is the thousands digit of 13756734?
6
What is the thousands digit of 899727493?
7
What is the hundreds digit of 95822272?
2
What is the hundreds digit of 1079881930?
9
What is the hundred millions digit of 224553318?
2
What is the hundred millions digit of 536938847?
5
What is the hundred millions digit of 4471204429?
4
What is the units digit of 479835263?
3
What is the millions digit of 133981940?
3
What is the ten millions digit of 4727844694?
2
What is the units digit of 960872944?
4
What is the thousands digit of 67577667?
7
What is the tens digit of 973956959?
5
What is the thousands digit of 524751643?
1
What is the thousands digit of 1365678314?
8
What is the millions digit of 16044385?
6
What is the millions digit of 36599250?
6
What is the hundreds digit of 3352340609?
6
What is the millions digit of 298007346?
8
What is the tens digit of 1533902?
0
What is the millions digit of 239692729?
9
What is the hundred thousands digit of 404493123?
4
What is the hundreds digit of 327997018?
0
What is the ten millions digit of 60996721?
6
What is the hundred thousands digit of 34679036?
6
What is the ten millions digit of 582726221?
8
What is the millions digit of 2414881629?
4
What is the ten millions digit of 72300930?
7
What is the thousands digit of 159471947?
1
What is the hundred thousands digit of 891712621?
7
What is the billions digit of 3012778400?
3
What is the millions digit of 69097067?
9
What is the millions digit of 2973367?
2
What is the ten thousands digit of 258873306?
7
What is the tens digit of 59582855?
5
What is the millions digit of 1739671092?
9
What is the thousands digit of 106974062?
4
What is the ten millions digit of 109335973?
0
What is the millions digit of 3046773?
3
What is the thousands digit of 440034399?
4
What is the tens digit of 84419284?
8
What is the ten millions digit of 4118895613?
1
What is the tens digit of 2225898344?
4
What is the ten thousands digit of 8889241?
8
What is the hundred millions digit of 1098692178?
0
What is the hundred thousands digit of 38197286?
1
What is the tens digit of 220832724?
2
What is the hundred thousands digit of 1938183275?
1
What is the hundreds digit of 1779393470?
4
What is the hundred millions digit of 898730750?
8
What is the hundreds digit of 46189752?
7
What is the billions digit of 1079469808?
1
What is the hundreds digit of 52654179?
1
What is the hundreds digit of 5718036981?
9
What is the millions digit of 1900133926?
0
What is the hundred millions digit of 4877588886?
8
What is the hundreds digit of 1921215650?
6
What is the millions digit of 138396810?
8
What is the hundred thousands digit of 50655456?
6
What is the hundreds digit of 31611561?
5
What is the ten thousands digit of 5565065690?
6
What is the ten millions digit of 657436365?
5
What is the ten millions digit of 465681228?
6
What is the ten millions digit of 271328294?
7
What is the hundreds digit of 930040956?
9
What is the thousands digit of 9219018?
9
What is the hundreds digit of 69916197?
1
What is the units digit of 959285750?
0
What is the hundred thousands digit of 1193041465?
0
What is the units digit of 36057649?
9
What is the hundred thousands digit of 122759052?
7
What is the thousands digit of 442584177?
4
What is the ten thousands digit of 32479523?
7
What is the thousands digit of 248296994?
6
What is the hundred thousands digit of 55022108?
0
What is the tens digit of 148517600?
0
What is the hundred thousands digit of 153543799?
5
What is the hundreds digit of 648720193?
1
What is the ten millions digit of 329844747?
2
What is the hundreds digit of 1126418771?
7
What is the tens digit of 121908550?
5
What is the ten thousands digit of 207091151?
9
What is the ten millions digit of 541622277?
4
What is the ten millions digit of 17560243?
1
What is the tens digit of 13993756?
5
What is the units digit of 5102517010?
0
What is the tens digit of 38500172?
7
What is the hundred millions digit of 212489856?
2
What is the hundred thousands digit of 17318449?
3
What is the hundreds digit of 5407152011?
0
What is the millions digit of 49863138?
9
What is the ten thousands digit of 3525257836?
5
What is the tens digit of 4858909874?
7
What is the ten thousands digit of 129945991?
4
What is the hundreds digit of 144956826?
8
What is the ten millions digit of 231940485?
3
What is the thousands digit of 32044062?
4
What is the units digit of 111716571?
1
What is the hundred thousands digit of 231000084?
0
What is the tens digit of 321725005?
0
What is the hundreds dig